{"id":204,"date":"2021-04-14T11:11:50","date_gmt":"2021-04-14T09:11:50","guid":{"rendered":"https:\/\/citoyen-pia.fr\/?page_id=204"},"modified":"2021-04-14T11:11:50","modified_gmt":"2021-04-14T09:11:50","slug":"police-municipale","status":"publish","type":"page","link":"https:\/\/citoyen-pia.fr\/index.php\/police-municipale\/","title":{"rendered":"Police municipale"},"content":{"rendered":"\n<h4>Coordonn\u00e9es \u2013 contacts : <\/h4>\n\n\n\n<h4>Police municipale<br>Mairie de Pia<br>2, rue Saint Michel\u00a0 \u00a0 \u00a0 \u00a0 \u00a0 \u00a0 \u00a0 \u00a0 \u00a0 \u00a0 \u00a0 \u00a0 \u00a0 \u00a0 \u00a0 \u00a0 \u00a0 \u00a0 \u00a0 \u00a0 \u00a0 \u00a0 \u00a0 \u00a0 \u00a0 \u00a0 \u00a0 \u00a0 \u00a0 \u00a0 \u00a0 \u00a0 \u00a0 \u00a0 \u00a0 \u00a0 \u00a0 \u00a0 \u00a0 \u00a0 \u00a0 \u00a0 \u00a0 \u00a0 \u00a0 \u00a0 \u00a0 \u00a0 \u00a0 \u00a0 \u00a0 \u00a0 \u00a0 \u00a0 \u00a0 \u00a0 \u00a0 \u00a0 \u00a0 \u00a0 \u00a0 \u00a0 \u00a0 \u00a0 \u00a0 \u00a0 \u00a0 \u00a0 \u00a0 \u00a0 \u00a0 \u00a0 \u00a0 \u00a0 \u00a0 \u00a0 \u00a0 \u00a0 \u00a0 \u00a0 \u00a0 \u00a0 \u00a0 \u00a0 \u00a0 \u00a0 \u00a0 \u00a0 \u00a0 \u00a0 \u00a0 \u00a0 \u00a0 \u00a0 \u00a0 \u00a0 \u00a0 \u00a0 \u00a0 \u00a0 \u00a0 \u00a0<br>66380 PIA<br>T\u00e9l. :<tcxspan tcxhref=\"tel:0468637737\" title=\"Call  04 68 63 77 37 with 3CX Click to Call\"> 04 68 63 77 37<\/tcxspan><br><tcxspan tcxhref=\"tel:0607287312\" title=\"Call 06 07 28 73 12 with 3CX Click to Call\">Mobile : 06 07 28 73 12<\/tcxspan><br>Ou accueil mairie<tcxspan tcxhref=\"tel:0468632807\" title=\"Call  04 68 63 28 07 with 3CX Click to Call\"> 04 68 63 28 07<\/tcxspan><br>Courriel :\u00a0<a href=\"https:\/\/citoyen-pia.fr\/vacances-tranquilles\/\">policemunicipale@pia.fr<\/a><\/h4>\n\n\n\n<p>Bureaux\u00a0 heures d\u2019ouvertures au public : Du lundi au jeudi de 8h30 \u00e0 12h et de 14h \u00e0 18h00 et le vendredi 8h30 \u00e0 12h00 et de 14h00 \u00e0 18h00<\/p>\n\n\n\n<h5>LA POLICE MUNICIPALE, POLICE DE PROXIMIT\u00c9<\/h5>\n\n\n\n<p>Le r\u00f4le de la&nbsp;<strong>police municipale<\/strong>&nbsp;est d\u2019assurer le bon ordre, la s\u00fbret\u00e9, la s\u00e9curit\u00e9 et la salubrit\u00e9 publique.<\/p>\n\n\n\n<p>Les policiers municipaux ont la qualit\u00e9 d\u2019 agents de police judiciaire adjoint (APJA) sous l\u2019article 21.1 du code de proc\u00e9dure p\u00e9nale.<\/p>\n\n\n\n<p>Le service emploie actuellement 7 Policiers Municipaux ainsi que 2 agents de surveillance de la voie publique (A.S.V.P.) et une brigade canine.<\/p>\n\n\n\n<h2>La police municipale assure<\/h2>\n\n\n\n<ul><li>La surveillance du territoire<\/li><li>La bonne application des arr\u00eat\u00e9s municipaux ;<\/li><li>Le relev\u00e9 des infractions au stationnement ainsi que celle au code de la route (vitesse, s\u00e9curit\u00e9 routi\u00e8re) ;<\/li><li>La s\u00e9curit\u00e9 publique lors des c\u00e9r\u00e9monies officielles, manifestations et r\u00e9unions ;<\/li><li>L\u2019aide sous toutes ses formes envers les administr\u00e9s de la commune ;<\/li><li>La r\u00e9alisation d\u2019enqu\u00eates administratives et r\u00e9daction de proc\u00e9dures ;<\/li><li>La surveillance des foires et march\u00e9s forains ;<\/li><li>L\u2019information des usagers.<\/li><\/ul>\n\n\n\n<figure class=\"wp-block-image size-large\"><img loading=\"lazy\" width=\"1023\" height=\"684\" src=\"https:\/\/citoyen-pia.fr\/wp-content\/uploads\/2021\/04\/unnamed-c-1024x684-1.jpg\" alt=\"\" class=\"wp-image-205\" srcset=\"https:\/\/citoyen-pia.fr\/wp-content\/uploads\/2021\/04\/unnamed-c-1024x684-1.jpg 1023w, https:\/\/citoyen-pia.fr\/wp-content\/uploads\/2021\/04\/unnamed-c-1024x684-1-300x201.jpg 300w, https:\/\/citoyen-pia.fr\/wp-content\/uploads\/2021\/04\/unnamed-c-1024x684-1-768x514.jpg 768w\" sizes=\"(max-width: 1023px) 100vw, 1023px\" \/><\/figure>\n\n\n\n<p><\/p>\n","protected":false},"excerpt":{"rendered":"<p>Coordonn\u00e9es \u2013 contacts : Police municipaleMairie de Pia2, rue Saint Michel\u00a0 \u00a0 \u00a0 \u00a0 \u00a0 \u00a0 \u00a0 \u00a0 \u00a0 \u00a0 \u00a0 \u00a0 \u00a0 \u00a0 \u00a0 \u00a0 \u00a0 \u00a0 \u00a0 \u00a0 \u00a0 \u00a0 \u00a0 \u00a0 \u00a0 \u00a0 \u00a0 \u00a0 \u00a0 \u00a0 \u00a0 \u00a0 \u00a0 \u00a0 \u00a0 \u00a0 \u00a0 \u00a0 \u00a0 \u00a0 \u00a0 \u00a0 \u00a0 \u00a0 \u00a0&hellip;&nbsp;<a href=\"https:\/\/citoyen-pia.fr\/index.php\/police-municipale\/\" class=\"\" rel=\"bookmark\">Lire la suite &raquo;<span class=\"screen-reader-text\">Police municipale<\/span><\/a><\/p>\n","protected":false},"author":1,"featured_media":0,"parent":0,"menu_order":0,"comment_status":"closed","ping_status":"closed","template":"","meta":{"neve_meta_sidebar":"full-width","neve_meta_container":"","neve_meta_enable_content_width":"on","neve_meta_content_width":100,"neve_meta_title_alignment":"","neve_meta_author_avatar":"","neve_post_elements_order":"","neve_meta_disable_header":"","neve_meta_disable_footer":"","neve_meta_disable_title":"","_ti_tpc_template_sync":false,"_ti_tpc_template_id":""},"_links":{"self":[{"href":"https:\/\/citoyen-pia.fr\/index.php\/wp-json\/wp\/v2\/pages\/204"}],"collection":[{"href":"https:\/\/citoyen-pia.fr\/index.php\/wp-json\/wp\/v2\/pages"}],"about":[{"href":"https:\/\/citoyen-pia.fr\/index.php\/wp-json\/wp\/v2\/types\/page"}],"author":[{"embeddable":true,"href":"https:\/\/citoyen-pia.fr\/index.php\/wp-json\/wp\/v2\/users\/1"}],"replies":[{"embeddable":true,"href":"https:\/\/citoyen-pia.fr\/index.php\/wp-json\/wp\/v2\/comments?post=204"}],"version-history":[{"count":1,"href":"https:\/\/citoyen-pia.fr\/index.php\/wp-json\/wp\/v2\/pages\/204\/revisions"}],"predecessor-version":[{"id":206,"href":"https:\/\/citoyen-pia.fr\/index.php\/wp-json\/wp\/v2\/pages\/204\/revisions\/206"}],"wp:attachment":[{"href":"https:\/\/citoyen-pia.fr\/index.php\/wp-json\/wp\/v2\/media?parent=204"}],"curies":[{"name":"wp","href":"https:\/\/api.w.org\/{rel}","templated":true}]}}